{"id":12,"date":"2020-06-18T17:51:31","date_gmt":"2020-06-18T16:51:31","guid":{"rendered":"http:\/\/salesianum.hu\/?page_id=12"},"modified":"2022-09-17T14:32:19","modified_gmt":"2022-09-17T13:32:19","slug":"12-2","status":"publish","type":"page","link":"https:\/\/salesianum.hu\/?page_id=12","title":{"rendered":"Hivatalos dokumentumok"},"content":{"rendered":"\n<p class=\"has-larger-font-size\"><a href=\"http:\/\/salesianum.hu\/wp-content\/uploads\/2020\/06\/Salesianum-Alap\u00edt\u00f3-Okirat0001.pdf\"><strong>Alap\u00edt\u00f3 okirat<\/strong> <img loading=\"lazy\" decoding=\"async\" width=\"50\" height=\"50\" class=\"wp-image-151\" style=\"width: 50px;\" src=\"http:\/\/salesianum.hu\/wp-content\/uploads\/2020\/08\/pdf-155498_960_7201.png\" alt=\"\" srcset=\"https:\/\/salesianum.hu\/wp-content\/uploads\/2020\/08\/pdf-155498_960_7201.png 720w, https:\/\/salesianum.hu\/wp-content\/uploads\/2020\/08\/pdf-155498_960_7201-300x300.png 300w, https:\/\/salesianum.hu\/wp-content\/uploads\/2020\/08\/pdf-155498_960_7201-150x150.png 150w, https:\/\/salesianum.hu\/wp-content\/uploads\/2020\/08\/pdf-155498_960_7201-600x600.png 600w\" sizes=\"auto, (max-width: 50px) 100vw, 50px\" \/><\/a><\/p>\n\n\n\n<p class=\"has-larger-font-size\"><a href=\"http:\/\/salesianum.hu\/wp-content\/uploads\/2020\/06\/Salesianum-OH0001.pdf\"><strong>AZ OH nyilv\u00e1ntart\u00e1s\u00e1ban szerepl\u0151 adataink<\/strong> <img loading=\"lazy\" decoding=\"async\" width=\"50\" height=\"50\" class=\"wp-image-151\" style=\"width: 50px;\" src=\"http:\/\/salesianum.hu\/wp-content\/uploads\/2020\/08\/pdf-155498_960_7201.png\" alt=\"\" srcset=\"https:\/\/salesianum.hu\/wp-content\/uploads\/2020\/08\/pdf-155498_960_7201.png 720w, https:\/\/salesianum.hu\/wp-content\/uploads\/2020\/08\/pdf-155498_960_7201-300x300.png 300w, https:\/\/salesianum.hu\/wp-content\/uploads\/2020\/08\/pdf-155498_960_7201-150x150.png 150w, https:\/\/salesianum.hu\/wp-content\/uploads\/2020\/08\/pdf-155498_960_7201-600x600.png 600w\" sizes=\"auto, (max-width: 50px) 100vw, 50px\" \/><\/a><\/p>\n\n\n\n<p class=\"has-larger-font-size\"><a href=\"http:\/\/salesianum.hu\/wp-content\/uploads\/2020\/06\/Salesianum-SZMSZ.pdf\"><strong>Szervezeti \u00e9s m\u0171k\u00f6d\u00e9si szab\u00e1lyzat<\/strong> <img loading=\"lazy\" decoding=\"async\" width=\"50\" height=\"50\" class=\"wp-image-151\" style=\"width: 50px;\" src=\"http:\/\/salesianum.hu\/wp-content\/uploads\/2020\/08\/pdf-155498_960_7201.png\" alt=\"\" srcset=\"https:\/\/salesianum.hu\/wp-content\/uploads\/2020\/08\/pdf-155498_960_7201.png 720w, https:\/\/salesianum.hu\/wp-content\/uploads\/2020\/08\/pdf-155498_960_7201-300x300.png 300w, https:\/\/salesianum.hu\/wp-content\/uploads\/2020\/08\/pdf-155498_960_7201-150x150.png 150w, https:\/\/salesianum.hu\/wp-content\/uploads\/2020\/08\/pdf-155498_960_7201-600x600.png 600w\" sizes=\"auto, (max-width: 50px) 100vw, 50px\" \/><\/a><\/p>\n\n\n\n<p class=\"has-larger-font-size\"><a href=\"http:\/\/salesianum.hu\/wp-content\/uploads\/2020\/06\/FRKP80110001.pdf\"><strong>FRKP80110001<\/strong> <img loading=\"lazy\" decoding=\"async\" width=\"50\" height=\"50\" class=\"wp-image-151\" style=\"width: 50px;\" src=\"http:\/\/salesianum.hu\/wp-content\/uploads\/2020\/08\/pdf-155498_960_7201.png\" alt=\"\" srcset=\"https:\/\/salesianum.hu\/wp-content\/uploads\/2020\/08\/pdf-155498_960_7201.png 720w, https:\/\/salesianum.hu\/wp-content\/uploads\/2020\/08\/pdf-155498_960_7201-300x300.png 300w, https:\/\/salesianum.hu\/wp-content\/uploads\/2020\/08\/pdf-155498_960_7201-150x150.png 150w, https:\/\/salesianum.hu\/wp-content\/uploads\/2020\/08\/pdf-155498_960_7201-600x600.png 600w\" sizes=\"auto, (max-width: 50px) 100vw, 50px\" \/><\/a><\/p>\n\n\n\n<p class=\"has-larger-font-size\"><a href=\"http:\/\/salesianum.hu\/wp-content\/uploads\/2020\/06\/FRKP80100001.pdf\"><strong>FRKP80100001<\/strong> <img loading=\"lazy\" decoding=\"async\" width=\"50\" height=\"50\" class=\"wp-image-151\" style=\"width: 50px;\" src=\"http:\/\/salesianum.hu\/wp-content\/uploads\/2020\/08\/pdf-155498_960_7201.png\" alt=\"\" srcset=\"https:\/\/salesianum.hu\/wp-content\/uploads\/2020\/08\/pdf-155498_960_7201.png 720w, https:\/\/salesianum.hu\/wp-content\/uploads\/2020\/08\/pdf-155498_960_7201-300x300.png 300w, https:\/\/salesianum.hu\/wp-content\/uploads\/2020\/08\/pdf-155498_960_7201-150x150.png 150w, https:\/\/salesianum.hu\/wp-content\/uploads\/2020\/08\/pdf-155498_960_7201-600x600.png 600w\" sizes=\"auto, (max-width: 50px) 100vw, 50px\" \/><\/a><\/p>\n\n\n\n<p class=\"has-larger-font-size\"><a href=\"http:\/\/salesianum.hu\/wp-content\/uploads\/2022\/09\/Hazirend-2022.09.13.pdf\"><strong>H\u00e1zirend<\/strong> <img loading=\"lazy\" decoding=\"async\" width=\"50\" height=\"50\" class=\"wp-image-151\" style=\"width: 50px;\" src=\"http:\/\/salesianum.hu\/wp-content\/uploads\/2020\/08\/pdf-155498_960_7201.png\" alt=\"\" srcset=\"https:\/\/salesianum.hu\/wp-content\/uploads\/2020\/08\/pdf-155498_960_7201.png 720w, https:\/\/salesianum.hu\/wp-content\/uploads\/2020\/08\/pdf-155498_960_7201-300x300.png 300w, https:\/\/salesianum.hu\/wp-content\/uploads\/2020\/08\/pdf-155498_960_7201-150x150.png 150w, https:\/\/salesianum.hu\/wp-content\/uploads\/2020\/08\/pdf-155498_960_7201-600x600.png 600w\" sizes=\"auto, (max-width: 50px) 100vw, 50px\" \/><\/a><\/p>\n\n\n\n<p class=\"has-larger-font-size\"><a href=\"http:\/\/salesianum.hu\/wp-content\/uploads\/2020\/06\/H\u00e1zirend-kieg\u00e9sz\u00edt\u00e9s.pdf\"><strong>H\u00e1zirend kieg\u00e9sz\u00edt\u00e9s<\/strong> <img loading=\"lazy\" decoding=\"async\" width=\"50\" height=\"50\" class=\"wp-image-151\" style=\"width: 50px;\" src=\"http:\/\/salesianum.hu\/wp-content\/uploads\/2020\/08\/pdf-155498_960_7201.png\" alt=\"\" srcset=\"https:\/\/salesianum.hu\/wp-content\/uploads\/2020\/08\/pdf-155498_960_7201.png 720w, https:\/\/salesianum.hu\/wp-content\/uploads\/2020\/08\/pdf-155498_960_7201-300x300.png 300w, https:\/\/salesianum.hu\/wp-content\/uploads\/2020\/08\/pdf-155498_960_7201-150x150.png 150w, https:\/\/salesianum.hu\/wp-content\/uploads\/2020\/08\/pdf-155498_960_7201-600x600.png 600w\" sizes=\"auto, (max-width: 50px) 100vw, 50px\" \/><\/a><\/p>\n\n\n\n<p class=\"has-larger-font-size\"><a href=\"http:\/\/salesianum.hu\/wp-content\/uploads\/2020\/06\/KT-SzMSz.pdf\"><strong>KT Szervezeti \u00e9s m\u0171k\u00f6d\u00e9si szab\u00e1lyzat<\/strong> <img loading=\"lazy\" decoding=\"async\" width=\"50\" height=\"50\" class=\"wp-image-151\" style=\"width: 50px;\" src=\"http:\/\/salesianum.hu\/wp-content\/uploads\/2020\/08\/pdf-155498_960_7201.png\" alt=\"\" srcset=\"https:\/\/salesianum.hu\/wp-content\/uploads\/2020\/08\/pdf-155498_960_7201.png 720w, https:\/\/salesianum.hu\/wp-content\/uploads\/2020\/08\/pdf-155498_960_7201-300x300.png 300w, https:\/\/salesianum.hu\/wp-content\/uploads\/2020\/08\/pdf-155498_960_7201-150x150.png 150w, https:\/\/salesianum.hu\/wp-content\/uploads\/2020\/08\/pdf-155498_960_7201-600x600.png 600w\" sizes=\"auto, (max-width: 50px) 100vw, 50px\" \/><\/a><\/p>\n\n\n\n<div class=\"wp-block-atomic-blocks-ab-columns ab-layout-columns-2 ab-2-col-wideright\"><div class=\"ab-layout-column-wrap ab-block-layout-column-gap-2 ab-is-responsive-column\">\n<div class=\"wp-block-atomic-blocks-ab-column ab-block-layout-column\"><div class=\"ab-block-layout-column-inner\">\n<p><\/p>\n<\/div><\/div>\n\n\n\n<div class=\"wp-block-atomic-blocks-ab-column ab-block-layout-column ab-is-vertically-aligned-top\"><div class=\"ab-block-layout-column-inner\">\n<p><\/p>\n<\/div><\/div>\n<\/div><\/div>\n\n\n\n<p><\/p>\n","protected":false},"excerpt":{"rendered":"<p>Alap\u00edt\u00f3 okirat AZ OH nyilv\u00e1ntart\u00e1s\u00e1ban szerepl\u0151 adataink Szervezeti \u00e9s m\u0171k\u00f6d\u00e9si szab\u00e1lyzat FRKP80110001 FRKP80100001 H\u00e1zirend H\u00e1zirend kieg\u00e9sz\u00edt\u00e9s KT Szervezeti \u00e9s m\u0171k\u00f6d\u00e9si szab\u00e1lyzat<\/p>\n","protected":false},"author":1,"featured_media":237,"parent":0,"menu_order":0,"comment_status":"closed","ping_status":"closed","template":"","meta":{"_genesis_hide_title":false,"_genesis_hide_breadcrumbs":false,"_genesis_hide_singular_image":false,"_genesis_hide_footer_widgets":false,"_genesis_custom_body_class":"","_genesis_custom_post_class":"","_genesis_layout":"","footnotes":""},"class_list":{"0":"post-12","1":"page","2":"type-page","3":"status-publish","4":"has-post-thumbnail","6":"entry"},"featured_image_src":"https:\/\/salesianum.hu\/wp-content\/uploads\/2020\/08\/dtp-dokumentumok1-600x400.png","featured_image_src_square":"https:\/\/salesianum.hu\/wp-content\/uploads\/2020\/08\/dtp-dokumentumok1-600x600.png","_links":{"self":[{"href":"https:\/\/salesianum.hu\/index.php?rest_route=\/wp\/v2\/pages\/12","targetHints":{"allow":["GET"]}}],"collection":[{"href":"https:\/\/salesianum.hu\/index.php?rest_route=\/wp\/v2\/pages"}],"about":[{"href":"https:\/\/salesianum.hu\/index.php?rest_route=\/wp\/v2\/types\/page"}],"author":[{"embeddable":true,"href":"https:\/\/salesianum.hu\/index.php?rest_route=\/wp\/v2\/users\/1"}],"replies":[{"embeddable":true,"href":"https:\/\/salesianum.hu\/index.php?rest_route=%2Fwp%2Fv2%2Fcomments&post=12"}],"version-history":[{"count":11,"href":"https:\/\/salesianum.hu\/index.php?rest_route=\/wp\/v2\/pages\/12\/revisions"}],"predecessor-version":[{"id":346,"href":"https:\/\/salesianum.hu\/index.php?rest_route=\/wp\/v2\/pages\/12\/revisions\/346"}],"wp:featuredmedia":[{"embeddable":true,"href":"https:\/\/salesianum.hu\/index.php?rest_route=\/wp\/v2\/media\/237"}],"wp:attachment":[{"href":"https:\/\/salesianum.hu\/index.php?rest_route=%2Fwp%2Fv2%2Fmedia&parent=12"}],"curies":[{"name":"wp","href":"https:\/\/api.w.org\/{rel}","templated":true}]}}